 = -4*u - 3*i, -3*u - k = 2*u - 3*i. Let c = 8 - u. What is the units digit of c?
6
Suppose -4*h + 9 = 25. Let t be -2*3/12*h. What is the units digit of 6 - 0*t/(-2)?
6
Let d = -115 + 185. What is the tens digit of d?
7
Let x = -355 - -517. What is the tens digit of x?
6
Let a(b) = b**2 + 4*b - 2. Let c be a(-5). Suppose -c*h + 3*m = 12, m - 2 = -h + 2. Suppose h = o + 2*o - 3. What is the units digit of o?
1
Suppose 0 = -4*n - n + 15. Suppose -n*d + d + 8 = 0, 2*d + 68 = 2*q. What is the units digit of q?
8
Suppose -4*u + 11 = -25. What is the units digit of u?
9
Suppose 73 + 203 = 3*f. What is the tens digit of f?
9
Let s = 59 + -5. What is the tens digit of s?
5
Let u(l) = -19*l - 6. Suppose 5*i + 5 - 2 = 3*m, -2*m = 8. What is the units digit of u(i)?
1
Let r(s) = 21*s + 59. What is the tens digit of r(7)?
0
Let c(v) = v**3 - 6*v**2 + 6*v + 6. What is the units digit of c(6)?
2
Suppose 0*d + 85 = 5*d - 2*z, -3*z = -5*d + 90. What is the units digit of d?
5
Let p = 28 - 12. What is the tens digit of p?
1
Let u = -3 + 6. Suppose -5*y + 16 = u*t - 0*y, -y + 34 = 5*t. What is the units digit of t?
7
Suppose -u + 3*u = 10. Let y = -7 + u. What is the units digit of (10/(-4))/(y/4)?
5
Let k be ((-2)/(-10))/((-3)/(-15)). What is the units digit of (6 + k)*60/14?
0
Let v(f) = 5*f - 2 - 4 - 6*f**2 + f**3 - f. Let i(c) = -c**3 + 5*c**2 - 4*c + 5. Let q(o) = -3*i(o) - 2*v(o). What is the units digit of q(2)?
1
Let r(d) = -7*d**2 + d + 1. Let j(v) = -6*v**2 + 2*v + 1. Let i be (-34)/(-6) - (-2)/6. Let h(k) = i*j(k) - 5*r(k). What is the units digit of h(6)?
7
Let c be 25/(-10)*16/(-10). Suppose -c = -2*g + 2. What is the units digit of g?
3
Let d be (-12)/3*(3 - 1). Let v = 38 + d. What is the tens digit of v?
3
Suppose -2*t + 3*t = 6. What is the units digit of t?
6
Let v be 1/(-6) - 292/(-24). Suppose 3*a = 7*a - 5*m - 33, -4*a = -4*m - 28. Suppose 0 = a*p - 4*p + v. What is the units digit of p?
6
Let z = 6 - -18. What is the units digit of 1*((-1 - 1) + z)?
2
Let a be (2 - 3)/(-1)*5. Suppose a*f + 55 = 2*w, -4*w - f - 19 + 74 = 0. Suppose -2*l = -t - 13, -2*l - 3*l = t - w. What is the units digit of l?
4
What is the tens digit of (-1)/5 + (-1062)/(-10) + 2?
0
Suppose -5*t = 3*p + 9 - 1, 2*t - 4 = 0. Suppose -2*c + 3*l + 8 = 0, c - l = -0*l + 4. What is the units digit of (8/p)/(c/(-6))?
2
Let x(y) = -y**3 - 4*y**2 - 7*y - 5. Let j be x(-4). Suppose -3*h - 5*g = 5, 3*h - g = j - 4. What is the units digit of h?
5
Suppose t + 42 = 3*t. What is the units digit of t?
1
Let h = -14 + 19. What is the units digit of h?
5
Let u be 20/6 + 1/(-3). Suppose d = 2*d - 4*m - 42, 4*m = -u*d + 46. Let j = -13 + d. What is the units digit of j?
9
Let l be (15/10)/((-1)/(-2)). Suppose 2*t + l*t - 45 = 0. What is the units digit of t?
9
Let g(x) = x**3 + 7 - 17 - x**2 + 7 + 11*x - 8*x**2. Suppose 0 = 2*h + h - 24. What is the units digit of g(h)?
1
Let s = -24 + 47. What is the tens digit of s?
2
Suppose r = 4*r - 48. Suppose 2*n = -c + r, -5*n + 4 = -4*n. What is the units digit of c?
8
Let y(r) = r + 1. Let u be y(5). What is the units digit of 2 - (3 + 0 - u)?
5
Let w(l) = -l**3 - 2*l**2 - 2*l - 2. Let g be w(-2). Suppose -5 = g*u + 4*t + 3, 5*u = 2*t + 28. Suppose u - 19 = -3*h. What is the units digit of h?
5
Let v(m) = 14*m - 5. Let s(c) = -70*c + 24. Let g(k) = -3*s(k) - 14*v(k). What is the tens digit of g(4)?
5
Let y(f) = -7*f**3 - 3*f**2 + 4. What is the units digit of y(-3)?
6
Suppose -5*t - 31 = -m - 5, -4 = -4*t. What is the units digit of m?
1
Let y be 3/5 - (-172)/5. Suppose 25 + y = 4*i. What is the tens digit of i?
1
Let h = -17 - -23. Let d(i) = i**2 - 3*i + 7. What is the units digit of d(h)?
5
Let q = 4 + -2. Suppose 0 = -h + q*h - 9. What is the units digit of (1/3)/(1/h)?
3
Let p(v) = v**3 - 2*v**2 + v - 1. Let z be p(1). Let u = 10 + z. What is the units digit of u?
9
Suppose 0 = 4*g + 5*t - 805, 4*t - 878 = -3*g - 274. Suppose -5*u = -u - 4*m - g, 0 = 2*u + 5*m - 114. Let n = -34 + u. What is the units digit of n?
8
Suppose 0 = -2*m + 1 + 5. Let a be (-763)/21 + (-2)/m. Let l = -22 - a. What is the tens digit of l?
1
Suppose 11*s = 14*s - 72. What is the tens digit of s?
2
Let y(m) = -m**3 - 6*m**2 - 4*m - 7. Let q be y(-6). Let k be (q/(-2))/(3/(-6)). Let z = 25 - k. What is the units digit of z?
8
What is the tens digit of 3/(-6) + 159/6?
2
Let n be (-148)/(-6) + 2/(-3). Suppose 6*h - n = 3*h. What is the units digit of h?
8
Let i(v) = 7*v - 35. What is the units digit of i(15)?
0
Suppose 66 = 11*i - 0*i. What is the units digit of i?
6
Let a(o) = -o**2 - o. Let q be a(0). Suppose p - 5*p - 2*c + 72 = q, 4*p - 5*c - 44 = 0. What is the units digit of p?
6
Let y = -65 - -91. What is the tens digit of y?
2
Suppose 6*f = 355 - 7. What is the tens digit of f?
5
Let g = 5 + -7. Let k be 20/(-6)*3/g. What is the units digit of (-3 + 2 + 3)*k?
0
Let w = 11 + -8. Suppose 19 = 3*p + 2*k, 2*p + w*k - 24 = -p. Suppose -p*i = -10 - 5. What is the units digit of i?
5
Let d be 1*2*-5*2. What is the tens digit of ((-2)/4)/(1/d)?
1
Let l(w) = -8*w**2 - 2*w - 1. Let y = 3 + -4. Let r be l(y). Let z = r - -13. What is the units digit of z?
6
Let z(t) = -t**2 - 5*t - 1. Let a be z(-6). Let r = -1 - a. What is the units digit of r?
6
Suppose -2*z - 3*x - 2*x = 31, -2*z = 3*x + 29. Let u(c) = 14*c + 15 + 3*c**2 - 2*c**2 + 0*c. What is the units digit of u(z)?
2
Suppose 0 = -5*c + k - 44, 4*c + 0*k = 3*k - 44. Let a be (c/10)/((-2)/65). What is the tens digit of (-12)/8*a/(-3)?
1
Let z = 1 - 1. Suppose -h + 5*q - 14 = 0, -2*h + q = -h - 2. Suppose -a + h + 11 = z. What is the tens digit of a?
1
Suppose -4*l + 13 = -19. What is the units digit of l?
8
Let d(i) = -2*i + 1. Let j(h) = h. Let y(p) = -d(p) + j(p). Let v be y(2). Suppose -3*g + v*g - 8 = 0. What is the units digit of g?
4
Let y be (-25)/(-9) + (-4)/(-18). Suppose 19 = 2*x + 3*f, 6 = -4*x - 3*f + 35. Suppose 3*r - y*v = -3, 3*v - 27 = -x*r - 0. What is the units digit of r?
3
Suppose -3*j - 4*v = 2, -3*j + 8*j - 5*v = 20. Suppose -2*s + 0*s = -6. Suppose -s*t = j*t - 20. What is the units digit of t?
4
Let l be 3/(9/6 - 0). Let i = 2 - l. Suppose -s - 2*s + 6 = -3*r, i = 5*r + 3*s - 30. What is the units digit of r?
3
Let a(m) = -m**3 - 9*m**2 - 13*m - 10. Let s be a(-8). Suppose s = j - 1. What is the units digit of j?
1
Suppose 2*k - 6 = -0*k. Let c(i) = 4*i**2 - 5*i + 3. What is the units digit of c(k)?
4
Let z(d) = 8*d**2 - 5 + 0 + 9 + 5 + d**3. What is the units digit of z(-8)?
9
Suppose -4*q = -20 - 40. Let z be (-2)/(-4) - (-1)/2. Suppose -q = -2*s - z. What is the units digit of s?
7
What is the tens digit of -2*((-188)/8 - 2)?
5
Let n be 2 + (-1 - (2 - 2)). What is the units digit of 10 - (-3)/(n + -4)?
9
Suppose -5*v + 44 = -7*v. What is the units digit of (-7)/((-21)/12) - v?
6
Let m = 3 + -6. What is the units digit of 2/(-2)*3*m?
9
Suppose 12 = 6*t - 2*t. Let x be 2/t - (-44)/(-12). Let q = 4 - x. What is the units digit of q?
7
Suppose -g - 3*g + 628 = 0. What is the hundreds digit of g?
1
Suppose -8 = -z + 2. Let l = z - 5. What is the tens digit of (l/10)/(1/22)?
1
Let s be 1*-2*(-13 - -11). Suppose s*r - 23 = 33. What is the units digit of r?
4
Suppose -6*l - 8 = -3*l + 4*h, -19 = -l + 3*h. Suppose -p = 4*f - 84, l*f + p = f + 62. What is the tens digit of f?
2
Suppose -3*p - 5*c = -18, -5*p - 16 = 5*c - 56. Let h(n) = n + 4. What is the tens digit of h(p)?
1
Let i(k) be the first derivative of 1/3*k**3 - 8*k - 5/2*k**2 - 1. What is the units digit of i(7)?
6
Suppose 3*l - 309 = 3*w, 7*l - 293 = 4*l - w. What is the tens digit of l?
9
Suppose 15 = 3*u - p, -2*u - 3*p + p = -2. Suppose 2*j = 3*v - 7, u*j = 2*j + v - 1. Let m = j - -2. What is the units digit of m?
3
Let h(a) = a**2 - 16*a + 3. What is the tens digit of h(21)?
0
Let d be 8/(-3)*(-27)/18. Suppose d*k + 0*k = 16. What is the units digit of k?
4
Let r(g) = -g - g**3 - 5*g - 3*g**2 + 9 - 5*g**2. Let y be r(-7). Suppose m = -3*b + 13, -y*b + 6*m - 2 = 4*m. What is the units digit of b?
3
Let l be (1 - (-1)/(-2))*4. Suppose 4 = -2*r - 4*x - l, -3*x - 8 = -2*r. What is the units digit of (3/6)/(r/2)?
1
Let l = -106 + 176. What is the units digit of l?
0
Suppose 0 = -c - 3*d - d + 72, -5*c = 3*d - 309. What is the units d